Let w be (16 - 5 - 9)*(-2)/4. Let i be s(w). Let l(a) = 2*a - 2. What is l(i)?
-6
Let p = 449 + -245. Let l = 205 - p. Let g(h) = -h. Give g(l).
-1
Let r(b) = -31*b**2 - 15*b - 6. Let x(u) = -25*u**2 - 14*u - 8. Let v(j) = -4*r(j) + 5*x(j). What is v(-8)?
0
Let x(v) = -2*v**3 - 16*v**2 + 5*v + 5. Let o(f) = -5*f**3 - 34*f**2 + 9*f + 9. Let g = 304 + -311. Let w(h) = g*x(h) + 3*o(h). Determine w(9).
1
Let w(z) be the first derivative of -z**5/20 - z**4/2 + 7*z**3/6 + 4*z**2 + 68*z + 62. Let s(d) be the first derivative of w(d). Give s(-7).
8
Let j(w) be the first derivative of w**3/3 - w**2/2 - 3*w - 1749. Suppose -20 = -14*k + 9*k. Determine j(k).
9
Let d(s) = 30*s - 11. Suppose -o + 3*o - 2 = -3*p, 5*p - 35 = 3*o. Let i(h) = 14*h - 5. Let u(l) = p*d(l) - 9*i(l). Let g be (3/4 + -1)*-4. Give u(g).
-5
Let j(w) = -w**2 - 10*w - 8. Let v(u) = u**2 + 5*u + 2. Let l(k) = 3*j(k) + 5*v(k). Determine l(-5).
61
Suppose 0 = 3*s - 5*p + 17, -5*s + 7*p - 6*p = -1. Let q(b) = 17*b**3 + 8*b - 8. Calculate q(s).
17
Let l = -781 + 816. Let o(c) = 5*c - 3*c**3 + 2 + l*c - 38*c. What is o(-2)?
22
Let k be (-2)/8 - 7/4. Let v(z) = 5*z**2 - 2*z - 35. Let i(t) = -6*t**2 + 2*t + 44. Let q(o) = -4*i(o) - 5*v(o). What is q(k)?
-9
Let l(u) = -71*u**3 - 32*u**2 + 68*u - 6. Let s(t) = -85*t**3 - 31*t**2 + 66*t - 7. Let x(n) = -6*l(n) + 5*s(n). Give x(-39).
1
Let z(v) be the first derivative of 8*v**2 + 2*v - 5522. Let t be (-4 + 1)/3 + 0. Determine z(t).
-14
Let w be (-12 - 0)*3/(-12). Suppose -t = w*t. Let q(s) = -3 - s + 19 - 7 - 11. What is q(t)?
-2
Let b = -3646 + 3658. Let z(q) = 2*q**3 - 23*q**2 - 10*q - 9. Give z(b).
15
Let b(k) = -k + 5. Let i(x) = -55*x - 2. Let j be i(1). Let t = j + 59. Suppose t*a - 8*a = a. Determine b(a).
5
Let a be -3*(588/(-10) + (-2)/10). Suppose y + a = 179. Let h(u) = -4*u**2 + 1. Give h(y).
-15
Let a(g) = -5 - 1 - 41*g**2 + 10*g - g**3 + 18*g**2 + 22*g**2. Let m(q) = -q**3 + 9*q - 6. Let d(i) = -4*a(i) + 5*m(i). What is d(5)?
-6
Let q(u) be the second derivative of -u**4/12 - 7*u**3/3 - 29*u**2 + 351*u. Give q(-7).
-9
Let l(r) = -r**3 + 7*r**2 - 13*r + 44. Let h be l(6). Let i(s) = -15*s**h - 3 + 14*s**2 + 2*s + 0. Calculate i(4).
-11
Let t(c) = -3*c**2 + 2*c - 1. Suppose 175*o - 174*o = 23. Suppose o = -r + 4*r - 4*v, -25 = 5*v. Calculate t(r).
-2
Suppose -42*y + 402 = 66. Let v(a) = -a**3 + y*a**2 - 2 + 7*a**2 - 8*a - 2*a**2 - 3*a**2 - 2*a**2. Determine v(6).
22
Let k(d) = -d - 94. Let m(j) = -297. Let t(r) = 6*k(r) - 2*m(r). What is t(11)?
-36
Let p(z) = -z + 9*z + 3*z**2 - 14*z**2 + z + 8*z**2 - 3. Calculate p(3).
-3
Let s(p) = -2*p**3 - 4*p**2 - 2*p + 3. Suppose 28*j = 23*j + 60. Suppose -j*q - 14 = 22. Determine s(q).
27
Let n(l) = -2*l + 15. Suppose -37 - 73 - 50 = -20*x. Calculate n(x).
-1
Let p(t) be the third derivative of t**6/240 + t**4/8 - 5*t**3/6 - 66*t**2. Let h(j) be the second derivative of p(j). What is h(-6)?
-18
Let j = -79 - -78. Let x be (-2 - -2)*(j + -3 - -3). Let i(f) = 2*f + 5. What is i(x)?
5
Let s = 12 + -4. Let l(a) = -2*a**2 + 3*a + 1. Let x(w) = -5*w**2 + 17*w - 29. Let u(t) = -2*l(t) + x(t). Let h be u(s). Let f(n) = n**2 + 8*n - 10. Give f(h).
-17
Let b = 383 - 378. Let n(p) = -p**2 - p - 6. Calculate n(b).
-36
Let o(w) = w**3 - 10*w**2 - 12*w + 4. Let c(h) = 11*h + 73. Let z(i) = 21*i + 146. Let k(u) = 7*c(u) - 4*z(u). Let n be k(-12). What is o(n)?
-7
Suppose 0 = 5*o - 2*n + 20, 2*o + 4*n - 8*n = -8. Let f be o + 7*(2 + -1). Let a(d) = 61*d**f + 63*d**3 - 125*d**3 + 3*d - 4 + 3*d - 5*d**2. Give a(-6).
-4
Let j(f) be the first derivative of 5*f**2/2 + 46*f - 4607. Give j(-8).
6
Let u be -10 + 6/((-3)/(189/(-18))). Let j(k) be the first derivative of -26 + 1/2*k**2 + u*k. Calculate j(-8).
3
Let s(h) = h**2 - 15*h + 49. Let g be s(4). Suppose -423*n = -428*n + g. Let b(x) = -8*x**3 + x**2 - x. Determine b(n).
-8
Let r(s) = s**3 - 5*s**2 - 8*s + 9. Suppose -16*g + 22*g = 36. Determine r(g).
-3
Let h(i) = -i**2 + 4*i. Let l(y) = y**2 + 27*y - 514. Let u be l(13). Calculate h(u).
-12
Let t(m) = 7*m + 4*m**3 - 37 - 47 + 5*m**2 - 3*m**3 + 76. Determine t(-6).
-86
Let a(b) = b**3 - 3*b**2 - 2*b. Let c(g) = g**3 - 15*g**2 - 16*g + 3. Suppose -14*u = -2*z - 11*u + 17, 4*z + 4*u = 84. Let d be c(z). Calculate a(d).
-6
Let t(x) = -10*x - 3. Let s = -61 - -77. Suppose 5*k + 10 = 5*j, -6*k = -2*k + s. Determine t(j).
17
Let j(a) = -257*a - 1796. Let z be j(-7). Let y(r) = -2*r**2 + 2*r - 16. Give y(z).
-28
Let w = 1 + 11. Let s(r) = r**3 - 12*r**2 + 2*r - 6. Let u be s(w). Let d(l) = -l + 17*l**3 - u*l**3 - 3*l**2 + 4*l + 3. Calculate d(-4).
7
Suppose 0 = 5*t + 18 + 7, 2*v + 12 = 2*t. Let z(q) = 2*q**2 + 218*q - 1. Let y(h) = -h**2 - 120*h. Let s(r) = -9*y(r) - 5*z(r). Calculate s(v).
-6
Suppose -4*w = -4*q + 512, 5*w = -5*q + 76 + 564. Let a = 84 - q. Let r = -47 - a. Let u(x) = -2*x + 2. Give u(r).
8
Suppose 36*j + 295*j + 11*j - 342 = 0. Let c(u) = -21*u**2 + u - 4. What is c(j)?
-24
Suppose -567*c + 576*c = 0. Let d(h) = 2*h**2 + c + h**2 - 3*h**2 - 2*h**2 - h + 1. Calculate d(2).
-9
Let y(m) be the first derivative of -1 - 2*m**3 - 1/2*m**2 - 2*m. Determine y(2).
-28
Let o(b) = -b + 2. Suppose 0 = 4*h - 18*h - 2870. Let m = h - -200. Give o(m).
7
Let n = 21951 + -21952. Let h(f) = 4*f**2 - 5*f + 5. Let a(u) = -2*u**2 + 2*u - 2. Let x(t) = -5*a(t) - 2*h(t). Determine x(n).
2
Suppose 91 = 28*b + 35. Let m(y) = 2*y**3 - 1 + 11 - 9 - 6*y**2 + b*y + 0 - 4. Calculate m(3).
3
Let h(g) = -6*g**2 + g - 2. Suppose 280 = 3*k + 2*k + 2*s, 5*k - 2*s = 280. Suppose k = -29*j + j. What is h(j)?
-28
Let b(g) = 2*g**2 - 1. Let d = -116 + 78. Let q = d + 43. Suppose 5*f + 3*w - q*w = -14, 5*w - 18 = 4*f. What is b(f)?
7
Let t(k) = -k**2 + 4*k - 8. Let x(n) = -n**2 - 75*n - 142. Let z be x(-73). What is t(z)?
-8
Let c(o) = -o**3 + 8*o**2 - 8*o - 6. Let l = 124 + -121. Suppose -l*h - 26 + 39 = 5*p, 2*h = -4*p + 8. What is c(h)?
18
Let w(a) = -2*a**3 - 5*a**2 + 4*a + 2. Let n(h) = 6*h**2 - 5*h + 3*h**3 - 2 + 1 - 1. Let p = 194 + -191. Let c(d) = p*n(d) + 4*w(d). Determine c(2).
4
Let j = 1995 - 1997. Let q(g) = -3*g - 1. What is q(j)?
5
Let u(l) = 155*l + 10. Let j(x) = -25*x - 2. Let v(b) = 6*j(b) + u(b). Give v(-2).
-12
Let r(h) = -7*h**2 + 19*h + 21. Let v be r(7). Let b = v + 182. Let k(f) = -3*f + 9. Determine k(b).
30
Let g(r) = r**2 + r. Let q(m) = -m**2 + 12*m + 18. Let n be q(13). Suppose n*x + 4*x - 27 = 0. Let a be (3/x)/(1/(-2)). Calculate g(a).
2
Let z be (40/44)/(1368/(-99) + 14). Let y(p) be the third derivative of -7/6*p**3 + 1/6*p**4 + 0 + 0*p - 5*p**2 + 1/60*p**z. What is y(-6)?
5
Suppose -s = 88 - 90. Let y(j) = -3*j - 1 - 5970*j**s + 5974*j**2 - 3. Calculate y(3).
23
Let w(k) = -k**2 + 7*k + 1. Let g(c) = -5*c**2 - 82*c - 24. Let q be g(-16). What is w(q)?
-7
Let f(m) = 4*m**2 + 2*m. Let c(v) = -3*v**3 + v. Let l(x) = 21*x + 85. Let t be l(-4). Let b be c(t). Calculate f(b).
12
Let y(u) = -u**2 + 7*u + 0 + 6 + 2*u**2. Let j(g) = g**2 - 387*g + 10375. Let b be j(29). What is y(b)?
6
Let r(m) = 9*m - 27. Suppose -7*b = 26245 - 26308. Give r(b).
54
Let v(z) be the second derivative of -z**3/3 - 11*z**2/2 - 136*z. Let p(b) = -2*b - 14. Let j(k) = -2*p(k) + 3*v(k). Let n = -14 - -7. What is j(n)?
9
Let u(a) = -5*a**2 - 24*a + 22. Let h(m) = 2*m**2 - 16. Let n(i) = 2*h(i) + u(i). Give n(-25).
-35
Let w = -19 + 18. Let i(h) = -3*h**3 + h**2 - 2*h - 2. Let l be i(w). Suppose 9*c + 4*a - 9 = 10*c, l*c - 5*a = -3. Let b(v) = -2*v - 2. Give b(c).
-8
Suppose -4*y + 9*y + 3*u = 6, 0 = y + u. Let z(l) = -5*l**2 + 2*l + y + 3*l - 8*l + 6*l**2 + l**3. Let i(v) = -v - 1. Let x be i(2). Calculate z(x).
-6
Suppose 115 = 48*x + 119 + 44. Let d(i) = -12*i**2 - 2*i + 2. What is d(x)?
-8
Suppose 221*f = 219*f - 14. Let x(k) = 3*k**2 - 18*k - 13. Let i = -1 - 1. Let c(r) = -r**2 + 6*r + 4. Let v(l) = f*c(l) + i*x(l). What is v(6)?
-2
Let w(u) be the second derivative of -2*u**3/3 + 15*u**2 + 2517*u. Calculate w(-8).
62
Let z(f) be the first derivative of 5*f**3/3 - f**2/2 - 3*f - 456. Determine z(-3).
45
Let i(l) be the third derivative of -l**5/60 - l**4/12 - l**3/3 + 667*l**2. Suppose -2*g - w - 5 = 0, -6 = g + 3*w - 1. What is i(g)?
-2
Let p = 28536 + -28528. Let a(s) = 5*s - 9. Give a(p).
31
Let k(p) = -p**2 - 2*p. Suppose 